{"id":50,"date":"2022-06-16T15:26:23","date_gmt":"2022-06-16T15:26:23","guid":{"rendered":"http:\/\/extranet.magnadian.com\/tierradelvino\/?page_id=50"},"modified":"2022-10-07T08:50:25","modified_gmt":"2022-10-07T08:50:25","slug":"el-reglamento-de-nuestra-denominacion-de-origen-fija-las-siguientes-variedades-admitidas-en-tierra-del-vino-principales-tinta-tempranillo-blanca-malvasia-moscatel-de-grano-menud","status":"publish","type":"page","link":"https:\/\/www.tierradelvino.net\/?page_id=50","title":{"rendered":"Vinos"},"content":{"rendered":"\n<figure class=\"wp-block-image size-full\"><img loading=\"lazy\" decoding=\"async\" width=\"1280\" height=\"580\" src=\"https:\/\/extranet.magnadian.com\/tierradelvino\/wp-content\/uploads\/2022\/07\/03_tierra_del_vino_vinos1.jpg\" alt=\"\" class=\"wp-image-395\" srcset=\"https:\/\/www.tierradelvino.net\/wp-content\/uploads\/2022\/07\/03_tierra_del_vino_vinos1.jpg 1280w, https:\/\/www.tierradelvino.net\/wp-content\/uploads\/2022\/07\/03_tierra_del_vino_vinos1-300x136.jpg 300w, https:\/\/www.tierradelvino.net\/wp-content\/uploads\/2022\/07\/03_tierra_del_vino_vinos1-768x348.jpg 768w\" sizes=\"auto, (max-width: 1280px) 100vw, 1280px\" \/><\/figure>\n\n\n\n<p>El Reglamento de nuestra Denominaci\u00f3n de Origen fija las siguientes <strong>VARIEDADES<\/strong> admitidas en \u201cTierra del Vino\u201d.<\/p>\n\n\n\n<p class=\"has-white-color has-text-color\"><strong>PRINCIPALES<\/strong><\/p>\n\n\n\n<p>Tinta: Tempranillo<\/p>\n\n\n\n<p>Blanca: Malvas\u00eda, Moscatel de grano menudo y Verdejo<\/p>\n\n\n\n<p class=\"has-white-color has-text-color\"><strong>AUTORIZADAS<\/strong><\/p>\n\n\n\n<p>Tinta: Garnacha y Cabernet-Sauvignon<\/p>\n\n\n\n<p>Blanca: Albillo y Palomino<\/p>\n\n\n\n<p>El marco de plantaci\u00f3n m\u00e1s habitual en los vi\u00f1edos en vaso es de 3,00 x 3,00, y en los vi\u00f1edos en espaldera es de 3,00 x 1,50. El porcentaje de vi\u00f1edo en espaldera es del 30,39% respecto del vi\u00f1edo total registrado.<\/p>\n\n\n\n<p>La edad media de los vi\u00f1edos inscritos en nuestro Consejo Regulador se cifra en 65 a\u00f1os.<\/p>\n\n\n\n<p><\/p>\n\n\n<div class=\"wp-block-image espacioBajoImagen\">\n<figure class=\"aligncenter size-full is-resized\"><img loading=\"lazy\" decoding=\"async\" src=\"https:\/\/extranet.magnadian.com\/tierradelvino\/wp-content\/uploads\/2022\/07\/102_foto_tierra_del_vino.jpg\" alt=\"\" class=\"wp-image-391\" width=\"960\" height=\"570\" srcset=\"https:\/\/www.tierradelvino.net\/wp-content\/uploads\/2022\/07\/102_foto_tierra_del_vino.jpg 1280w, https:\/\/www.tierradelvino.net\/wp-content\/uploads\/2022\/07\/102_foto_tierra_del_vino-300x178.jpg 300w, https:\/\/www.tierradelvino.net\/wp-content\/uploads\/2022\/07\/102_foto_tierra_del_vino-768x456.jpg 768w\" sizes=\"auto, (max-width: 960px) 100vw, 960px\" \/><\/figure>\n<\/div>\n\n\n<p>El Reglamento de nuestra Denominaci\u00f3n de Origen establece los siguientes <strong>VINOS<\/strong> amparados en \u201cTierra del Vino\u201d:<\/p>\n\n\n\n<p><strong>BLANCO<\/strong><\/p>\n\n\n\n<p>Elaborado a partir de las variedades blancas admitidas, con un m\u00ednimo del 60% de las variedades blancas clasificadas como principales.<\/p>\n\n\n\n<p><strong>CLARETE<\/strong><\/p>\n\n\n\n<p>Elaborado a partir de las variedades admitidas, con un m\u00ednimo del 30% de la variedad Tempranillo y un m\u00e1ximo del 40% de las variedades clasificadas como autorizadas.<\/p>\n\n\n\n<p><strong>ROSADO<\/strong><\/p>\n\n\n\n<p>Elaborado a partir de las variedades admitidas, con un m\u00ednimo del 60% de la variedad Tempranillo.<\/p>\n\n\n\n<p><strong>TINTO<\/strong><\/p>\n\n\n\n<p>Elaborado a partir de las variedades tintas admitidas, con un m\u00ednimo del 75% de la variedad Tempranillo. Podr\u00e1n ser sometidos a procesos de envejecimiento.<\/p>\n\n\n\n<p>Para los vinos tintos, nuestro reglamento regula adecuadamente las menciones \u201cCrianza, Reserva y Gran Reserva\u201d.Los periodos m\u00ednimos de envejecimiento y de estancia en barrica \u2013ambos en meses- son: 24 y 6 para el Crianza, 36 y 12 para el Reserva, 60 y 18 para el Gran Reserva.<\/p>\n\n\n<div class=\"wp-block-image espacioBajoImagen\">\n<figure class=\"aligncenter size-full\"><img loading=\"lazy\" decoding=\"async\" width=\"476\" height=\"66\" src=\"https:\/\/extranet.magnadian.com\/tierradelvino\/wp-content\/uploads\/2022\/07\/0003vinos-1.jpg\" alt=\"\" class=\"wp-image-455\" srcset=\"https:\/\/www.tierradelvino.net\/wp-content\/uploads\/2022\/07\/0003vinos-1.jpg 476w, https:\/\/www.tierradelvino.net\/wp-content\/uploads\/2022\/07\/0003vinos-1-300x42.jpg 300w\" sizes=\"auto, (max-width: 476px) 100vw, 476px\" \/><\/figure>\n<\/div>\n\n<div class=\"wp-block-image espacioBajoImagen\">\n<figure class=\"aligncenter size-full is-resized\"><img loading=\"lazy\" decoding=\"async\" src=\"https:\/\/extranet.magnadian.com\/tierradelvino\/wp-content\/uploads\/2022\/07\/0002etiqueta.jpg\" alt=\"\" class=\"wp-image-426\" width=\"960\" height=\"720\"\/><\/figure>\n<\/div>\n\n<div class=\"wp-block-image\">\n<figure class=\"aligncenter size-full is-resized\"><img loading=\"lazy\" decoding=\"async\" src=\"https:\/\/extranet.magnadian.com\/tierradelvino\/wp-content\/uploads\/2022\/07\/109_foto_tierra_del_vino.jpg\" alt=\"\" class=\"wp-image-427\" width=\"960\" height=\"720\" srcset=\"https:\/\/www.tierradelvino.net\/wp-content\/uploads\/2022\/07\/109_foto_tierra_del_vino.jpg 1280w, https:\/\/www.tierradelvino.net\/wp-content\/uploads\/2022\/07\/109_foto_tierra_del_vino-300x225.jpg 300w, https:\/\/www.tierradelvino.net\/wp-content\/uploads\/2022\/07\/109_foto_tierra_del_vino-768x576.jpg 768w, https:\/\/www.tierradelvino.net\/wp-content\/uploads\/2022\/07\/109_foto_tierra_del_vino-440x330.jpg 440w, https:\/\/www.tierradelvino.net\/wp-content\/uploads\/2022\/07\/109_foto_tierra_del_vino-920x690.jpg 920w\" sizes=\"auto, (max-width: 960px) 100vw, 960px\" \/><\/figure>\n<\/div>","protected":false},"excerpt":{"rendered":"<p>El Reglamento de nuestra Denominaci\u00f3n de Origen fija las siguientes VARIEDADES admitidas en \u201cTierra del Vino\u201d. PRINCIPALES Tinta: Tempranillo Blanca:<\/p>\n<p><a href=\"https:\/\/www.tierradelvino.net\/?page_id=50\" class=\"more-link\">Seguir leyendo<span class=\"screen-reader-text\">Vinos<\/span><\/a><\/p>\n","protected":false},"author":1,"featured_media":0,"parent":0,"menu_order":0,"comment_status":"closed","ping_status":"closed","template":"","meta":{"footnotes":""},"class_list":["post-50","page","type-page","status-publish","hentry"],"_links":{"self":[{"href":"https:\/\/www.tierradelvino.net\/index.php?rest_route=\/wp\/v2\/pages\/50","targetHints":{"allow":["GET"]}}],"collection":[{"href":"https:\/\/www.tierradelvino.net\/index.php?rest_route=\/wp\/v2\/pages"}],"about":[{"href":"https:\/\/www.tierradelvino.net\/index.php?rest_route=\/wp\/v2\/types\/page"}],"author":[{"embeddable":true,"href":"https:\/\/www.tierradelvino.net\/index.php?rest_route=\/wp\/v2\/users\/1"}],"replies":[{"embeddable":true,"href":"https:\/\/www.tierradelvino.net\/index.php?rest_route=%2Fwp%2Fv2%2Fcomments&post=50"}],"version-history":[{"count":30,"href":"https:\/\/www.tierradelvino.net\/index.php?rest_route=\/wp\/v2\/pages\/50\/revisions"}],"predecessor-version":[{"id":574,"href":"https:\/\/www.tierradelvino.net\/index.php?rest_route=\/wp\/v2\/pages\/50\/revisions\/574"}],"wp:attachment":[{"href":"https:\/\/www.tierradelvino.net\/index.php?rest_route=%2Fwp%2Fv2%2Fmedia&parent=50"}],"curies":[{"name":"wp","href":"https:\/\/api.w.org\/{rel}","templated":true}]}}